 v = 24 - y. What is the remainder when 91 is divided by v?
29
What is the remainder when 523 is divided by (32/48)/((-4)/(-798))?
124
Suppose -15*q + 13*q + 29376 = 32*q. Calculate the remainder when q is divided by 224.
192
Let l = 169 - 165. What is the remainder when 7*((-264)/(-56) + l) is divided by 32?
29
Let b(j) = -j**2 - 163*j + 3088. Calculate the remainder when b(0) is divided by 281.
278
Suppose 27*p - 18238 = 14702. Calculate the remainder when p is divided by 173.
9
Suppose -h = 4*h. Suppose -4*b = -5*n - 67, 241*b - 4*n = 242*b + 20. Suppose b*q - 184 + 48 = h. What is the remainder when 66 is divided by q?
15
Let z = -7862 + 7875. What is the remainder when 69 is divided by z?
4
Suppose -628 = -5*f + 3*k - 4590, 0 = -2*f - 4*k - 1564. Let s = -476 - f. Calculate the remainder when s is divided by 63.
62
Suppose 21*q + 3511 = 2317 + 9510. What is the remainder when q is divided by 58?
48
Let b = 6169 - 5972. What is the remainder when b is divided by 20?
17
Suppose 64*h + 17 = 66*h - 3*v, 2*v = -2*h + 2. Calculate the remainder when (h/2 - -1) + (276 - -69) is divided by 14.
12
Let q(p) = 4*p. Let k be q(8). Suppose 2*h - 2*y - k = 0, 3*h - 2*y - 44 = -y. Suppose -5*o - 142 = -417. What is the remainder when o is divided by h?
13
Let x be (-1 - (-4 - -7))/(4/(-6)). Suppose -4*i + 664 = 4*w, x*i - 834 = -5*w + 3*i. Let h = -65 + w. What is the remainder when h is divided by 15?
13
Let y(j) = -2*j**2 + 7*j + 77. Let f be y(8). Suppose f*d - 7*w = -5*w + 24, 2*d = -3*w + 2. Calculate the remainder when d is divided by 3.
1
Let l = 1883 - 1834. Suppose 264 = -h + 3*h. What is the remainder when h is divided by l?
34
What is the remainder when (-343)/14*(8 + 2 - 42) is divided by 7?
0
Suppose -r - 79 = -10*o + 7*o, -3*o + 95 = -5*r. Let s be 5624/28 - (-1)/7. Suppose -4*d + 279 = -s. Calculate the remainder when d is divided by o.
20
Suppose -14*d - 25*d + 273 = 0. Calculate the remainder when 24 is divided by d.
3
Let j(y) = 28*y**2 - 2*y + 1. Let l = 529 - 525. Suppose -9*n + l*n = -1335. Calculate the remainder when n is divided by j(1).
24
Let m be (-123936)/(-960) + (1 + 1)/(-20). Suppose m + 408 = 3*t. Calculate the remainder when t is divided by 12.
11
Let a(t) = -t**3 + 24*t**2 + 3*t - 44. Suppose -10*n = -24*n + 336. Calculate the remainder when 137 is divided by a(n).
25
Let t be (-4)/(-15)*3 + (-682)/(-310). Suppose t*u - k - 33 - 43 = 0, u - 23 = -2*k. What is the remainder when 48 is divided by u?
23
Let j(q) = 8*q**2 - q - 8. Let v be -1 - (-1 + 4/(-4)) - 7. What is the remainder when j(v) is divided by 18?
16
Let v(n) = -300*n + 610. What is the remainder when 2009 is divided by v(2)?
9
Suppose 9*o - 8*o - 166 = 0. Suppose 0 = 4*k - 466 + o. Calculate the remainder when k is divided by 20.
15
Suppose -820 + 2838 + 2272 = 110*h. Calculate the remainder when 127 is divided by h.
10
Suppose 4*q = 0, 116 = 2*p + 1052*q - 1055*q. Calculate the remainder when (-4)/(-14) - 4995/(-35) is divided by p.
27
What is the remainder when 484 + 1 + (4/34 - 9504/(-2448)) is divided by 163?
0
Suppose 44*p - 14554 = 9910. What is the remainder when p is divided by 26?
10
Suppose -2*d + d = -3*d. Suppose -5*q = -d*t - 5*t + 475, -3*t + 270 = 2*q. Let l = t + -15. Calculate the remainder when l is divided by 10.
7
What is the remainder when 10/4*72864/920 is divided by 173?
25
Let w = 2054 - 1282. Calculate the remainder when 2319 is divided by w.
3
Suppose -12*y - 1 = -49. Suppose 0 = -y*h - 3*p + 147 - 24, h - 42 = 3*p. What is the remainder when 261 is divided by h?
30
Let m(b) = 43*b**2 - 2*b. Suppose 4*l + z - 55 = 6*z, 0 = -5*l + 3*z + 59. What is the remainder when m(-1) is divided by l?
5
Let f be (-4)/28 + (-15)/(-7). Suppose 0 = -4*l + f*w + 46, 4*l - 3*w - 56 = w. Calculate the remainder when 14 is divided by l.
5
Suppose 0 = 4*j + 4*m - 84, -633*j + 630*j = -m - 87. Let d(s) = -12*s**3 + s - 1. Calculate the remainder when d(-3) is divided by j.
23
Suppose -8 = 4*w, 3*k - 837 + 184 = w. Calculate the remainder when 1166/12 + (k/(-42) - -5) is divided by 20.
17
Let p = 325 - 313. Calculate the remainder when 188 is divided by p.
8
What is the remainder when (144 - -12) + (0 + -5)/1 is divided by 4?
3
Suppose -o + l + 41 = 0, -7*o = -12*o + l + 189. Suppose 2*t = -m + 3*m + 372, m + 735 = 4*t. Calculate the remainder when t is divided by o.
35
Let b(q) = -q - 4. Let k(x) = -x - 5. Let f(n) = 4*b(n) - 3*k(n). Let y be f(1). What is the remainder when 34 is divided by (y/6)/(4/(-216))?
16
Let a = 35 + -11. Let l(k) = -5*k - 137. Let o(f) = 10*f + 274. Let z(h) = -5*l(h) - 3*o(h). What is the remainder when a is divided by z(-30)?
11
Suppose 5*q - 368 - 82 = 0. Suppose q = -0*p + 10*p. What is the remainder when 513/p + 0/1 is divided by 12?
9
Let g(m) = -m**2 - 11*m - 8. Let t(y) = -y + 6. Let b be t(0). Suppose 5*k - 16 = 5*q + 14, q + b = -2*k. What is the remainder when g(q) is divided by 9?
4
Let x = -114 + 141. Suppose 0 = 9*f - 1017 - x. Calculate the remainder when f is divided by 17.
14
Let k be (-12)/(-54) + 1 + (-1894)/18. Let t = 153 + k. Calculate the remainder when 389 is divided by t.
46
Suppose 11*b + 2684 = 48*b + 24*b. What is the remainder when 761 is divided by b?
13
Let m(a) = -23*a**2 - 249*a - 28. What is the remainder when 1450 is divided by m(-10)?
154
Suppose v + 3*v - 398 = 5*m, 3*v = -m + 308. Let f = v - 25. Calculate the remainder when f is divided by 70.
7
Let g(i) = 17*i - 82. Suppose 5*p = -m + 4, 0 = m + 3*p - 7 + 1. What is the remainder when g(m) is divided by 15?
11
Suppose -f = -40 - 67. Let x be 23/((-69)/(-9))*15*1. Calculate the remainder when f is divided by 323/38 - (x/(-6))/3.
8
Let u = 25 - -45. Let z = -2 - -13. Suppose 1 = v - z. What is the remainder when u is divided by v?
10
Suppose 406 = 28*b - 7490. Suppose -4*s = 2*s - b. Calculate the remainder when 327 is divided by s.
45
Let v be 7/(-2) - ((-35)/(-10))/(-7). Let x be (-3 - 1)/(v - -1). Suppose -x*a + 198 = 2*q, -4*a + 29 = 9. What is the remainder when q is divided by 12?
10
Let d = 2 - 0. Suppose 0*k = d*k - 26. What is the remainder when k is divided by ((-187)/(-51) + -3)*12?
5
Let b(g) = g**2 + 21*g - 143. Let h be b(-27). Let n(t) = t**2 - 9*t + 86. Calculate the remainder when n(h) is divided by 19.
10
Let g(t) = -2*t**2 - 10*t + 174. Suppose 0 = 4*h - 2*h + 36. Let r = h - -29. What is the remainder when r is divided by g(7)?
5
Let x(s) = -s**2 + 10*s - 12. Let k be x(7). Suppose -6*q + k*q = -2*b + 16, 2*b - 16 = -4*q. What is the remainder when 18 is divided by b?
2
Suppose 2587*k - 2608*k = -3444. Calculate the remainder when k is divided by 7.
3
Suppose -3*n = -n - 18. Suppose 4*u - i = -6, 0 = -5*u + 4*i + 3 - 5. Calculate the remainder when 3/u - 3705/(-114) is divided by n.
4
Calculate the remainder when (-92880)/(-315) + -42 - 2/(-14) is divided by 54.
37
Let h = 58 + -58. Suppose -2*l - 5*k + 425 = h, -3*l + 0*k = -2*k - 647. What is the remainder when l is divided by 36?
35
Suppose 0 = 2*l + 3*q - 347, 15*q - 695 = -4*l + 10*q. Suppose 19 = 19*x - 18*x - 3*a, -a = 5*x - l. Calculate the remainder when 130 is divided by x.
28
Let a be 20/4 - (-3 + 2 - -2). Let f be ((-22)/a*2)/1. What is the remainder when 32 is divided by ((-55)/10)/f*38?
13
Suppose 3 = 322*r - 325*r. What is the remainder when 68 is divided by r/(4/(-104)) + -3?
22
Suppose 6*l = 8*l + k - 176, 4*l + k - 354 = 0. What is the remainder when 176 is divided by l?
87
Suppose -2*i + 12*i = -2*i + 1656. Calculate the remainder when i is divided by 91.
47
Suppose 12 = -4*q, 11*u - 15*u = -2*q - 130. Calculate the remainder when 169 is divided by u.
14
Suppose 35*k - 73*k = 0. Suppose -343*w + 337*w + 936 = k. Calculate the remainder when w is divided by 57.
42
Suppose 4*n = n + 48. Calculate the remainder when 1300/n - 2/8 is divided by (-1*(3 + 4 + -6))/((-3)/90).
21
Let q(x) = -2*x**2 + 20*x - 18. Let f(p) = -2*p**2 + 20*p - 19. Let w(k) = 3*f(k) - 2*q(k). Calculate the remainder when 54 is divided by w(8).
10
Suppose 3*s + 22 = 28. Suppose -4*o + 104 = q, -s*q - 3*q + 34 = 2*o. Calculate the remainder when 52 is divided by o.
25
Suppose 5*s + 34 = 139. Let j(o) = -o**3 - 13*o**2 - 12*o - 41. Let c be j(-9). Let f = -247 - c. Calculate the rem